 - 295. Let v be 204/10 - 33/u. Calculate the greatest common factor of v and 14.
7
Suppose -3*z - z = 5*x - 539, -2*x = 2*z - 272. What is the highest common divisor of 3 and z?
3
Let h be 3 + -3 + 2/2. Let b = 4057 - 4053. Calculate the highest common divisor of h and b.
1
Let r be -9 + 1813 - (5 - 6)*0. What is the greatest common divisor of r and 44?
44
Suppose 0 = p + b - 81, 23 - 205 = -2*p + 2*b. Suppose p = -5*a + 371. Calculate the greatest common factor of a and 19.
19
Suppose -3*h = -4*d - 342, 0 = -4*d - 0*d. Let f be 16/6 + (h/18 - 6). Calculate the greatest common factor of 6 and f.
3
Let u be -4*2/28 - (-900)/14. What is the highest common divisor of 32 and u?
32
Let x(p) = p**3 - 4*p**2 + p + 3. Let z be x(4). Calculate the greatest common divisor of z and 7.
7
Let b = -14 + 45. Suppose 4*j - 37 = -6*h + 3*h, 0 = 3*h - 2*j - b. Calculate the highest common divisor of h and 88.
11
Let x(u) = u**3 - 14*u**2 + 11*u + 16. Let m be x(13). Let o be (12/15)/((-2)/m). Suppose -108 = -5*b + 2*b. Calculate the highest common factor of o and b.
4
Let i(c) = -c**2 + 13*c - 2. Let p = 109 + -67. Let m be p/(-8)*(-4)/3. Let t be i(m). Calculate the greatest common factor of t and 100.
20
Let p be 4*-1*39/12. Let u = p + 13. Suppose u*o = o - 11. What is the greatest common factor of 88 and o?
11
Suppose 3*b + 4*s + 247 = 0, -4*b + 3*s - 243 = 103. Let c = -71 - b. Calculate the highest common factor of c and 14.
14
Let d(t) = t**3 - 7*t**2 - 6*t + 7. Let y be d(6). Let l = -50 - y. Calculate the greatest common divisor of 195 and l.
15
Let i be (-1 - -7) + (-2)/4*2. Let r(f) = -2*f + 14. Let z be r(-18). What is the greatest common divisor of i and z?
5
Suppose -18*s + 1448 + 6904 = 0. What is the greatest common factor of 174 and s?
58
Let a be (5 + 55)/(12/28). Suppose 55 + 25 = 4*q. What is the highest common factor of q and a?
20
Let g be -14*((-36)/(-8))/(-3). Let s(t) = -t**2 - 16*t - 8. Let m be s(-15). Calculate the highest common divisor of g and m.
7
Suppose 6*k + 0*k = -k. Suppose k = 5*p - 203 - 402. What is the highest common divisor of p and 11?
11
Suppose x = -2*a + 3*a - 6, 2*x - 12 = -a. Let h be -2 - (-4 + a + -39). What is the highest common factor of h and 3?
3
Let u(h) = -h**2 + 39*h + 150. Let t be u(41). Calculate the highest common factor of 425 and t.
17
Suppose -89*f + 14622 = -12078. What is the greatest common divisor of f and 16?
4
Let q = -19 - -37. Let n(f) be the first derivative of f**2/2 + f + 6. Let s be n(5). What is the greatest common factor of q and s?
6
Let r be ((-116)/(-20) - 4)*5. Suppose 0 = -2*x + 5*k + 43, 5*x - 44 = 4*k + 21. What is the highest common factor of x and r?
9
Let u(m) = m**2 - 3*m. Let k be u(10). Let z(p) = p + 81. Let d be z(-25). What is the greatest common factor of d and k?
14
Let l(z) = z - 25. Let r be l(23). Let s(a) = -2*a + 4. Let p be s(r). What is the greatest common divisor of 24 and p?
8
Suppose 38 = 2*f - 4*b, -f + 31 = -0*b - 5*b. Calculate the highest common divisor of f and 11.
11
Let c(x) = -x**2 + 14*x - 3. Let q be c(16). Let d = -24 - q. Let s = -5 + d. What is the highest common factor of s and 6?
6
Let i be (69*(-38)/8)/(3/(-8)). Calculate the greatest common factor of i and 114.
38
Let u be -15 - -21 - 16/2 - -6. Calculate the highest common divisor of u and 64.
4
Let v = 421 + -400. Calculate the greatest common divisor of 357 and v.
21
Suppose -5*t + 22 + 3 = 0. Let d = t - -2. Calculate the greatest common divisor of 49 and d.
7
Let m(t) = 4*t**2 + 7*t + 11. Let a be m(-8). Let i = 315 - a. Let p be 13 + 1 + -3 + 2. Calculate the greatest common factor of i and p.
13
Let l be ((-266)/4)/((-2)/4). Let m be (-24)/20 + 1616/80. Calculate the greatest common divisor of l and m.
19
Let c be (-4132)/(-18) - (-248)/558. What is the greatest common divisor of 598 and c?
46
Suppose 190 = 4*n + 15*n. Calculate the highest common factor of n and 30.
10
Suppose 0*b - 18 = -2*b. Suppose 22 + 410 = b*y. Let k = -20 + 32. Calculate the highest common factor of k and y.
12
Suppose -3*u - 3*w = -7848, 3*u - 3*w = -7*w + 7849. Calculate the greatest common divisor of u and 5.
5
Let v(x) = x**2 - 6*x + 2. Let i be v(4). Let w be (2 + 15/i)*0. Suppose o + 12 - 26 = w. Calculate the highest common factor of 112 and o.
14
Let i be (-6)/8 - (-57)/12. Let q(w) = -w**2 + 7*w + 11. Let u be q(8). Suppose 84 = i*b + u*b. Calculate the highest common divisor of b and 18.
6
Let t = -20 - -43. Let f be 272/6 - 2/(-3). Calculate the greatest common factor of f and t.
23
Suppose -5*y = -3*y - 10. Let s = 111 - 70. Suppose 64 = 3*g - s. What is the greatest common factor of y and g?
5
Let o(d) = -3 + 14*d - 34*d - 14. Let t be o(-8). What is the highest common factor of t and 13?
13
Let v = 35 - 63. Let k = v - -31. What is the highest common divisor of k and 24?
3
Let u be (2/4)/(2/(-268)). Let f be 16*((-6)/9 + 5/30). Let r be f/24 - u/3. Calculate the greatest common divisor of 132 and r.
22
Let r be (-15)/(-9) + 1/3. Let h be (2*3)/(r/6). Let b(d) = d**3 - 20*d**2 - 34*d - 208. Let y be b(22). What is the highest common divisor of h and y?
6
Suppose 5*u + 25 = 8*u + h, 4*h = -2*u + 30. Calculate the highest common factor of 1351 and u.
7
Let k = 426 + -302. Suppose 5*s - 416 = k. What is the highest common factor of s and 12?
12
Let k(f) = f + 8. Let c = -19 - -12. Let p be k(c). Let u be p/(1/1) + 79. What is the highest common factor of 8 and u?
8
Suppose -7*h + 549 = -256. Let p = h - 101. Suppose u + 0*u = 14. What is the highest common divisor of u and p?
14
Suppose -2*i - 21 = -v, 4*i + 53 = 3*v - 0*i. What is the greatest common factor of v and 121?
11
Suppose 9*d - 5*d = 1900. Calculate the greatest common factor of d and 57.
19
Let g(f) = -510*f - 31. Let y be g(-2). What is the highest common divisor of 23 and y?
23
Let x = -4 - -6. Let t(d) = -3*d - x*d**2 - 2*d**2 + 5 + 2*d - d**3. Let z be t(-4). Calculate the greatest common divisor of z and 18.
9
Suppose -3*y + 3*u = -0*u - 51, -4*y + 5*u = -71. Let o be (y - 1 - -1) + 0/(-4). What is the greatest common divisor of o and 154?
14
Let z = 293 - -51. Calculate the greatest common factor of z and 215.
43
Let j(s) = s**2 + 14*s + 23. Let n be j(-11). Let p be (-7 - n)/((-3)/(-156)). What is the highest common factor of p and 12?
12
Let o be ((-3)/(-6)*-2 + 0)*-1. Suppose 3*l + 4*c = 2*l + 3, -3*c = 4*l - 12. What is the highest common divisor of l and o?
1
Let j = 101 + -96. Let d be (-294)/(-15) + -2 + 2/j. Calculate the highest common factor of 63 and d.
9
Let g(x) = -x - 4. Let y be 20/6*48/(-40). Let j be g(y). Suppose j*s + 260 = 4*s. Calculate the greatest common factor of 13 and s.
13
Suppose 15*b - 17*b = -48. Suppose -2*d = -0*d - b. Let a = d + -7. What is the highest common divisor of 20 and a?
5
Suppose -13 = 3*d - 85. Suppose -7*z = -6*z - 36. What is the greatest common factor of z and d?
12
Let r(n) = -1. Let f(c) = 2*c**2 - 3*c + 2. Let p(m) = f(m) - 3*r(m). Let x be p(2). Suppose x = -5*q + 67. Calculate the greatest common factor of 108 and q.
12
Let v(r) = 175*r**2 + 17*r + 16. Let z be v(-1). What is the greatest common divisor of z and 24?
6
Suppose -12 + 5 = 7*q. Let v be ((-52)/26)/(q/2). What is the highest common factor of 4 and v?
4
Let b(k) = -k**2 - 50*k + 310. Let a be b(-50). What is the highest common divisor of a and 40?
10
Let r(p) = -p**3 - 3*p**2 - 4*p - 6. Let s be r(-3). Let v be s/(-4)*936/(-54). Let g be (-2)/(-8) - (-935)/4. Calculate the highest common factor of v and g.
26
Let r(p) = p**3 + 9*p**2 - 6*p - 13. Let h be r(-9). Suppose 2*b + 870 = 4*j - 438, -j + 5*b = -318. What is the highest common divisor of j and h?
41
Let y(d) be the first derivative of 3*d**2/2 + 3*d + 5. Let g be y(2). Let a = 84 + -48. Calculate the highest common divisor of a and g.
9
Suppose -r - 856 = 7*r. Let c = r - -130. Calculate the greatest common divisor of 92 and c.
23
Let g = 546 - 534. Calculate the greatest common factor of 16 and g.
4
Let g = -609 - -796. Calculate the greatest common divisor of g and 11.
11
Let p = 3 - 2. Let g(f) = f**2 + 15*f + 8. Let h be g(-14). Let r = p - h. Calculate the greatest common divisor of 7 and r.
7
Let c(o) = -o**3 - 15*o**2 + 16*o + 8. Let r be c(-16). W